{"id":85,"date":"2021-06-02T22:47:52","date_gmt":"2021-06-02T22:47:52","guid":{"rendered":"https:\/\/liuha.fi\/Tuukka\/?page_id=85"},"modified":"2023-04-05T15:25:13","modified_gmt":"2023-04-05T15:25:13","slug":"videot","status":"publish","type":"page","link":"https:\/\/liuha.fi\/Tuukka\/videot","title":{"rendered":"Videoita &#038; suosituksia"},"content":{"rendered":"<nav style=\"font-style:normal;font-weight:600;text-transform:uppercase;\" class=\"items-justified-center has-text-decoration-underline alignfull wp-block-navigation is-content-justification-center is-layout-flex wp-container-core-navigation-is-layout-16018d1d wp-block-navigation-is-layout-flex\" aria-label=\"P\u00e4\u00e4valikko\"><ul style=\"font-style:normal;font-weight:600;text-transform:uppercase;\" class=\"wp-block-navigation__container items-justified-center has-text-decoration-underline alignfull wp-block-navigation\"><li class=\" wp-block-navigation-item wp-block-navigation-link\"><a class=\"wp-block-navigation-item__content\"  href=\"https:\/\/liuha.fi\/Tuukka\/tuukka\"><span class=\"wp-block-navigation-item__label\">Kuka olen<\/span><\/a><\/li><li class=\" wp-block-navigation-item wp-block-navigation-link\"><a class=\"wp-block-navigation-item__content\"  href=\"https:\/\/liuha.fi\/Tuukka\/kokemusta-ja-osaamista\"><span class=\"wp-block-navigation-item__label\">Kokemusta ja osaamista<\/span><\/a><\/li><li class=\" wp-block-navigation-item wp-block-navigation-link\"><a class=\"wp-block-navigation-item__content\"  href=\"https:\/\/liuha.fi\/Tuukka\/tavoitteet-ja-teemat\"><span class=\"wp-block-navigation-item__label\">Tavoitteet ja teemat<\/span><\/a><\/li><li class=\" wp-block-navigation-item wp-block-navigation-link\"><a class=\"wp-block-navigation-item__content\"  href=\"https:\/\/liuha.fi\/Tuukka\/videot\"><span class=\"wp-block-navigation-item__label\">Videoita &#038; suosituksia<\/span><\/a><\/li><li class=\" wp-block-navigation-item wp-block-navigation-link\"><a class=\"wp-block-navigation-item__content\"  href=\"https:\/\/liuha.fi\/Tuukka\/kuvia\"><span class=\"wp-block-navigation-item__label\">Kuvia<\/span><\/a><\/li><li class=\" wp-block-navigation-item wp-block-navigation-link\"><a class=\"wp-block-navigation-item__content\"  href=\"https:\/\/liuha.fi\/Tuukka\/yhteystiedot\"><span class=\"wp-block-navigation-item__label\">Yhteystiedot<\/span><\/a><\/li><li class=\" wp-block-navigation-item wp-block-navigation-link\"><a class=\"wp-block-navigation-item__content\"  href=\"https:\/\/liuha.fi\/Tuukka\/english\"><span class=\"wp-block-navigation-item__label\">English<\/span><\/a><\/li><\/ul><\/nav>\n\n\n<h3 class=\"wp-block-heading has-text-align-center\" style=\"padding-top:0;padding-right:0;padding-bottom:0;padding-left:0\">Videoita<\/h3>\n\n\n<div class=\"wp-block-image\">\n<figure class=\"aligncenter size-full is-resized\"><a href=\"https:\/\/www.youtube.com\/@tuukkaliuha\" target=\"_blank\" rel=\"noreferrer noopener\"><img loading=\"lazy\" decoding=\"async\" src=\"https:\/\/liuha.fi\/Tuukka\/wp-content\/uploads\/2023\/03\/TuukkaLiuha-Yoube_kanava-e1680283410402.png\" alt=\"\" class=\"wp-image-357\" width=\"314\" height=\"105\" srcset=\"https:\/\/liuha.fi\/Tuukka\/wp-content\/uploads\/2023\/03\/TuukkaLiuha-Yoube_kanava-e1680283410402.png 400w, https:\/\/liuha.fi\/Tuukka\/wp-content\/uploads\/2023\/03\/TuukkaLiuha-Yoube_kanava-e1680283410402-300x100.png 300w\" sizes=\"auto, (max-width: 314px) 100vw, 314px\" \/><\/a><figcaption class=\"wp-element-caption\">Lis\u00e4\u00e4 videoita l\u00f6yd\u00e4t <a rel=\"noreferrer noopener\" href=\"https:\/\/www.youtube.com\/@tuukkaliuha\" target=\"_blank\">Youtube-kanavaltani.<\/a> <br>Tykk\u00e4\u00e4 ja klikkaa kanava seurantaan! <\/figcaption><\/figure>\n<\/div>\n\n\n<div class=\"wp-block-columns is-layout-flex wp-container-core-columns-is-layout-9d6595d7 wp-block-columns-is-layout-flex\">\n<div class=\"wp-block-column is-layout-flow wp-block-column-is-layout-flow\">\n<figure class=\"wp-block-embed is-type-video is-provider-youtube wp-block-embed-youtube wp-embed-aspect-4-3 wp-has-aspect-ratio\"><div class=\"wp-block-embed__wrapper\">\n<iframe loading=\"lazy\" title=\"Jani Hevonoja kertoo suoraan Tuukka Liuhasta, nro 31\" width=\"660\" height=\"495\" src=\"https:\/\/www.youtube.com\/embed\/3904fBmEy4I?feature=oembed\" frameborder=\"0\" allow=\"accelerometer; autoplay; clipboard-write; encrypted-media; gyroscope; picture-in-picture; web-share\" referrerpolicy=\"strict-origin-when-cross-origin\" allowfullscreen><\/iframe>\n<\/div><figcaption class=\"wp-element-caption\">Jani Hevonoja, agrologi AMK, viljelyneuvoja, kest\u00e4vyysurheilija sek\u00e4 kokenut luottamushenkil\u00f6 ja j\u00e4rjest\u00f6toimija Viialasta kertoo miksi valitsee Tuukka Liuhan<\/figcaption><\/figure>\n\n\n\n<figure class=\"wp-block-embed is-type-video is-provider-youtube wp-block-embed-youtube wp-embed-aspect-4-3 wp-has-aspect-ratio\"><div class=\"wp-block-embed__wrapper\">\n<iframe loading=\"lazy\" title=\"Vastauksia miksi me valitsimme Tuukka Liuhan, nro 31?\" width=\"660\" height=\"495\" src=\"https:\/\/www.youtube.com\/embed\/FNo3q7Icegk?feature=oembed\" frameborder=\"0\" allow=\"accelerometer; autoplay; clipboard-write; encrypted-media; gyroscope; picture-in-picture; web-share\" referrerpolicy=\"strict-origin-when-cross-origin\" allowfullscreen><\/iframe>\n<\/div><figcaption class=\"wp-element-caption\">Miksi valita Tuukka Liuha? Vastaajina L\u00e4\u00e4k\u00e4ri Raija Johansson, opettaja Terttu Hangisto sek\u00e4 ekonomi Asta Hilavuo.<\/figcaption><\/figure>\n\n\n\n<figure class=\"wp-block-embed is-type-video is-provider-youtube wp-block-embed-youtube wp-embed-aspect-4-3 wp-has-aspect-ratio\"><div class=\"wp-block-embed__wrapper\">\n<iframe loading=\"lazy\" title=\"Tuukka Liuha Tampereen y\u00f6ss\u00e4 turvallisuudesta, maahanmuutosta ja nuorista\" width=\"660\" height=\"495\" src=\"https:\/\/www.youtube.com\/embed\/NnYrWozv9Ac?feature=oembed\" frameborder=\"0\" allow=\"accelerometer; autoplay; clipboard-write; encrypted-media; gyroscope; picture-in-picture; web-share\" referrerpolicy=\"strict-origin-when-cross-origin\" allowfullscreen><\/iframe>\n<\/div><figcaption class=\"wp-element-caption\">Tampereen y\u00f6ss\u00e4 turvallisuudesta, maahanmuutosta ja nuorista<\/figcaption><\/figure>\n\n\n\n<figure class=\"wp-block-embed is-type-video is-provider-youtube wp-block-embed-youtube wp-embed-aspect-4-3 wp-has-aspect-ratio\"><div class=\"wp-block-embed__wrapper\">\n<iframe loading=\"lazy\" title=\"Uudistuminen mahdollistaa paremmat palvelut - Tuukka Liuha\" width=\"660\" height=\"495\" src=\"https:\/\/www.youtube.com\/embed\/SI8MFAklUdM?feature=oembed\" frameborder=\"0\" allow=\"accelerometer; autoplay; clipboard-write; encrypted-media; gyroscope; picture-in-picture; web-share\" referrerpolicy=\"strict-origin-when-cross-origin\" allowfullscreen><\/iframe>\n<\/div><figcaption class=\"wp-element-caption\">Uudistuminen mahdollistaa paremmat palvelut ja s\u00e4\u00e4st\u00e4misen<\/figcaption><\/figure>\n\n\n\n<figure class=\"wp-block-embed is-type-video is-provider-youtube wp-block-embed-youtube wp-embed-aspect-16-9 wp-has-aspect-ratio\"><div class=\"wp-block-embed__wrapper\">\n<iframe loading=\"lazy\" title=\"Esteett\u00f6myys on sujuvaa ja yhdenvertaista arkea kaikille - Tuukka Liuha\" width=\"660\" height=\"371\" src=\"https:\/\/www.youtube.com\/embed\/SsX1JVsAZX4?feature=oembed\" frameborder=\"0\" allow=\"accelerometer; autoplay; clipboard-write; encrypted-media; gyroscope; picture-in-picture; web-share\" referrerpolicy=\"strict-origin-when-cross-origin\" allowfullscreen><\/iframe>\n<\/div><figcaption class=\"wp-element-caption\">Esteett\u00f6myys on sujuvaa ja yhdenvertaista arkea kaikille<\/figcaption><\/figure>\n<\/div>\n\n\n\n<div class=\"wp-block-column is-layout-flow wp-block-column-is-layout-flow\">\n<figure class=\"wp-block-embed is-type-video is-provider-youtube wp-block-embed-youtube wp-embed-aspect-4-3 wp-has-aspect-ratio\"><div class=\"wp-block-embed__wrapper\">\n<iframe loading=\"lazy\" title=\"Sosiaalineuvos Maikki H\u00e4m\u00e4l\u00e4inen Ylikahri  - Tuukka Liuha hoitaa asioita syd\u00e4mell\u00e4\u00e4n\" width=\"660\" height=\"495\" src=\"https:\/\/www.youtube.com\/embed\/qY9orcVY-eU?feature=oembed\" frameborder=\"0\" allow=\"accelerometer; autoplay; clipboard-write; encrypted-media; gyroscope; picture-in-picture; web-share\" referrerpolicy=\"strict-origin-when-cross-origin\" allowfullscreen><\/iframe>\n<\/div><figcaption class=\"wp-element-caption\">Maikki H\u00e4m\u00e4l\u00e4inen-Ylikahri, Lemp\u00e4\u00e4l\u00e4n vanhusty\u00f6n johtaja emerita, sosiaalineuvos ja Pirkanmaan vaikuttajavastaava el\u00e4kel\u00e4isen asioissa. H\u00e4nen valintansa on Tuukka Liuha, joka tuntee hyvin my\u00f6s ik\u00e4ihmisten ja omaishoitajien asiat.<\/figcaption><\/figure>\n\n\n\n<figure class=\"wp-block-embed is-type-video is-provider-youtube wp-block-embed-youtube wp-embed-aspect-4-3 wp-has-aspect-ratio\"><div class=\"wp-block-embed__wrapper\">\n<iframe loading=\"lazy\" title=\"Vastauksia miksi me valitsimme Tuukka Liuhan, nro 31? osa 2\" width=\"660\" height=\"495\" src=\"https:\/\/www.youtube.com\/embed\/ejQTVHYk79Y?feature=oembed\" frameborder=\"0\" allow=\"accelerometer; autoplay; clipboard-write; encrypted-media; gyroscope; picture-in-picture; web-share\" referrerpolicy=\"strict-origin-when-cross-origin\" allowfullscreen><\/iframe>\n<\/div><figcaption class=\"wp-element-caption\">Miksi valita Tuukka Liuha? Vastaajina Teologi Mirja Miettinen, varhaiskasvatuksen opettaja Maija-Liisa Kosola ja seurakunta-aktiivi, el\u00e4kel\u00e4inen Ritva Trast.<\/figcaption><\/figure>\n\n\n\n<figure class=\"wp-block-embed is-type-video is-provider-youtube wp-block-embed-youtube wp-embed-aspect-16-9 wp-has-aspect-ratio\"><div class=\"wp-block-embed__wrapper\">\n<iframe loading=\"lazy\" title=\"Tuukka Liuha - polttoaineiden ja energian hinnat kohtuullisiksi\" width=\"660\" height=\"371\" src=\"https:\/\/www.youtube.com\/embed\/mXGPumB9jw8?feature=oembed\" frameborder=\"0\" allow=\"accelerometer; autoplay; clipboard-write; encrypted-media; gyroscope; picture-in-picture; web-share\" referrerpolicy=\"strict-origin-when-cross-origin\" allowfullscreen><\/iframe>\n<\/div><figcaption class=\"wp-element-caption\">Polttoaineiden ja energian hinnat kohtuullisiksi<\/figcaption><\/figure>\n\n\n\n<figure class=\"wp-block-embed is-type-video is-provider-youtube wp-block-embed-youtube wp-embed-aspect-4-3 wp-has-aspect-ratio\"><div class=\"wp-block-embed__wrapper\">\n<iframe loading=\"lazy\" title=\"Tuukka Liuha - J\u00e4rke\u00e4 pys\u00e4k\u00f6intiin ja liikenteen verotukseen\" width=\"660\" height=\"495\" src=\"https:\/\/www.youtube.com\/embed\/95-onTSiTxE?start=31&#038;feature=oembed\" frameborder=\"0\" allow=\"accelerometer; autoplay; clipboard-write; encrypted-media; gyroscope; picture-in-picture; web-share\" referrerpolicy=\"strict-origin-when-cross-origin\" allowfullscreen><\/iframe>\n<\/div><figcaption class=\"wp-element-caption\">J\u00e4rke\u00e4 pys\u00e4k\u00f6intiin ja liikenteen verotukseen<\/figcaption><\/figure>\n\n\n\n<figure class=\"wp-block-embed is-type-video is-provider-youtube wp-block-embed-youtube wp-embed-aspect-4-3 wp-has-aspect-ratio\"><div class=\"wp-block-embed__wrapper\">\n<iframe loading=\"lazy\" title=\"Tuukka Liuhan (Pirkanmaa nro 31), teemapuheenvuoro keskusteluillassa Lemp\u00e4\u00e4l\u00e4ss\u00e4 EKV2023\" width=\"660\" height=\"495\" src=\"https:\/\/www.youtube.com\/embed\/uDuUA8Cd0ts?start=14&#038;feature=oembed\" frameborder=\"0\" allow=\"accelerometer; autoplay; clipboard-write; encrypted-media; gyroscope; picture-in-picture; web-share\" referrerpolicy=\"strict-origin-when-cross-origin\" allowfullscreen><\/iframe>\n<\/div><figcaption class=\"wp-element-caption\">Keskeisi\u00e4 ajatuksiani siit\u00e4, miksi meit\u00e4 todellakin kannattaa \u00e4\u00e4nest\u00e4\u00e4<\/figcaption><\/figure>\n<\/div>\n<\/div>\n\n\n\n<div class=\"wp-block-columns is-layout-flex wp-container-core-columns-is-layout-9d6595d7 wp-block-columns-is-layout-flex\">\n<div class=\"wp-block-column is-layout-flow wp-block-column-is-layout-flow\">\n<figure class=\"wp-block-embed is-type-video is-provider-youtube wp-block-embed-youtube wp-embed-aspect-4-3 wp-has-aspect-ratio\"><div class=\"wp-block-embed__wrapper\">\n<iframe loading=\"lazy\" title=\"Tuukka Liuha (Pirkanmaa nro 31) kertoo ehdokkuusp\u00e4\u00e4t\u00f6ksest\u00e4 2023 eduskuntavaaleissa.\" width=\"660\" height=\"495\" src=\"https:\/\/www.youtube.com\/embed\/UdEWIeM8OE4?feature=oembed\" frameborder=\"0\" allow=\"accelerometer; autoplay; clipboard-write; encrypted-media; gyroscope; picture-in-picture; web-share\" referrerpolicy=\"strict-origin-when-cross-origin\" allowfullscreen><\/iframe>\n<\/div><figcaption class=\"wp-element-caption\">Ehdokkuusp\u00e4\u00e4t\u00f6kseni helmikuussa -23 eduskuntavaaleihin ja sen taustoja.<\/figcaption><\/figure>\n<\/div>\n\n\n\n<div class=\"wp-block-column is-layout-flow wp-block-column-is-layout-flow\">\n<figure class=\"wp-block-embed is-type-video is-provider-youtube wp-block-embed-youtube wp-embed-aspect-16-9 wp-has-aspect-ratio\"><div class=\"wp-block-embed__wrapper\">\n<iframe loading=\"lazy\" title=\"Tuukka Liuha (Pirkanmaa nro 31) - Ajatuksia ja tunnelmia puolustusministerin k\u00e4ynnin j\u00e4lkeen.\" width=\"660\" height=\"371\" src=\"https:\/\/www.youtube.com\/embed\/CQT_NsxWKug?feature=oembed\" frameborder=\"0\" allow=\"accelerometer; autoplay; clipboard-write; encrypted-media; gyroscope; picture-in-picture; web-share\" referrerpolicy=\"strict-origin-when-cross-origin\" allowfullscreen><\/iframe>\n<\/div><figcaption class=\"wp-element-caption\">Ajatuksia ja tunnelmia ehdokkaana puolustusministerin Pirkanmaan kierroksen j\u00e4lkeen helmikuussa -23.<\/figcaption><\/figure>\n<\/div>\n<\/div>\n\n\n\n<figure class=\"wp-block-embed is-type-video is-provider-youtube wp-block-embed-youtube wp-embed-aspect-16-9 wp-has-aspect-ratio\"><div class=\"wp-block-embed__wrapper\">\n<iframe loading=\"lazy\" title=\"Tuukka Liuha MTK-PIrkanmaan eduskuntavaalihaastattelussa 3\/2023\" width=\"660\" height=\"371\" src=\"https:\/\/www.youtube.com\/embed\/1iFJmvu46Kk?feature=oembed\" frameborder=\"0\" allow=\"accelerometer; autoplay; clipboard-write; encrypted-media; gyroscope; picture-in-picture; web-share\" referrerpolicy=\"strict-origin-when-cross-origin\" allowfullscreen><\/iframe>\n<\/div><figcaption class=\"wp-element-caption\">MTK-Pirkanmaan vaalihaastattelussa 6.3.2023 vastaamassa kysymyksiin mm. maa- ja mets\u00e4taloudesta sek\u00e4 pakkolunastuksiin liittyvist\u00e4 pahoista ongelmista, jotka vaativat lunastuslain uudistusta.<\/figcaption><\/figure>\n\n\n\n<figure class=\"wp-block-video aligncenter\" style=\"padding-top:0;padding-right:0;padding-bottom:0;padding-left:0\"><video height=\"1080\" style=\"aspect-ratio: 1080 \/ 1080;\" width=\"1080\" controls loop src=\"https:\/\/liuha.fi\/Tuukka\/wp-content\/uploads\/2023\/03\/Tuukka_Liuha_animaatio_2_2000x2000_19032023_sound-1.mp4\"><\/video><figcaption class=\"wp-element-caption\">Asioita ja arvoja, joiden vuoksi olen ehdolla ja teen ty\u00f6t\u00e4 luottamushenkil\u00f6n\u00e4 25-vuoden kokemuksella ja aina t\u00e4ydell\u00e4 syd\u00e4mell\u00e4. <\/figcaption><\/figure>\n\n\n\n<h4 class=\"wp-block-heading has-text-align-center\" style=\"padding-top:var(--wp--preset--spacing--40);padding-right:var(--wp--preset--spacing--40);padding-bottom:var(--wp--preset--spacing--40);padding-left:var(--wp--preset--spacing--40)\">Aikaisempia<\/h4>\n\n\n\n<figure class=\"wp-block-embed is-type-video is-provider-youtube wp-block-embed-youtube wp-embed-aspect-16-9 wp-has-aspect-ratio\"><div class=\"wp-block-embed__wrapper\">\n<iframe loading=\"lazy\" title=\"Tuukka Liuha LVS vaalikone 2021\" width=\"660\" height=\"371\" src=\"https:\/\/www.youtube.com\/embed\/FOa6tt9qTeE?feature=oembed\" frameborder=\"0\" allow=\"accelerometer; autoplay; clipboard-write; encrypted-media; gyroscope; picture-in-picture; web-share\" referrerpolicy=\"strict-origin-when-cross-origin\" allowfullscreen><\/iframe>\n<\/div><\/figure>\n\n\n\n<p>Esittelyvideoni 2021 kuntavaaleisssa. Tiivistettyn\u00e4 se mik\u00e4 minulle on t\u00e4rke\u00e4\u00e4 ja mit\u00e4 haluan edist\u00e4\u00e4 my\u00f6s tulevalla valtuustokaudella. <\/p>\n\n\n\n<hr class=\"wp-block-separator has-alpha-channel-opacity is-style-dots\"\/>\n\n\n\n<figure class=\"wp-block-embed is-type-video is-provider-youtube wp-block-embed-youtube wp-embed-aspect-16-9 wp-has-aspect-ratio\"><div class=\"wp-block-embed__wrapper\">\n<iframe loading=\"lazy\" title=\"Kuntavaalit 2017 Tuukka Liuha\" width=\"660\" height=\"371\" src=\"https:\/\/www.youtube.com\/embed\/OBOc-6Napbg?feature=oembed\" frameborder=\"0\" allow=\"accelerometer; autoplay; clipboard-write; encrypted-media; gyroscope; picture-in-picture; web-share\" referrerpolicy=\"strict-origin-when-cross-origin\" allowfullscreen><\/iframe>\n<\/div><\/figure>\n\n\n\n<p>Esittelyvideo 2017 kuntavaaleissa. T\u00e4ss\u00e4 kertomani mukaisesti olen pyrkinyt viimeiset nelj\u00e4 vuotta toimimaan. Mieli ei ole muuttunut matkalla ja olen edelleen sitoutunut turvallisiin palveluihin sek\u00e4 avoimuuteen ja olemaan tavoittettavissa. <\/p>\n\n\n\n<hr class=\"wp-block-separator has-alpha-channel-opacity is-style-dots\"\/>\n\n\n<div class=\"wp-block-image\">\n<figure class=\"aligncenter size-full is-resized\"><a href=\"https:\/\/www.youtube.com\/@tuukkaliuha\" target=\"_blank\" rel=\"noreferrer noopener\"><img loading=\"lazy\" decoding=\"async\" src=\"https:\/\/liuha.fi\/Tuukka\/wp-content\/uploads\/2023\/03\/TuukkaLiuha-Yoube_kanava-e1680283410402.png\" alt=\"\" class=\"wp-image-357\" width=\"400\" height=\"133\" srcset=\"https:\/\/liuha.fi\/Tuukka\/wp-content\/uploads\/2023\/03\/TuukkaLiuha-Yoube_kanava-e1680283410402.png 400w, https:\/\/liuha.fi\/Tuukka\/wp-content\/uploads\/2023\/03\/TuukkaLiuha-Yoube_kanava-e1680283410402-300x100.png 300w\" sizes=\"auto, (max-width: 400px) 100vw, 400px\" \/><\/a><figcaption class=\"wp-element-caption\">Lis\u00e4\u00e4 videoita l\u00f6yd\u00e4t <a rel=\"noreferrer noopener\" href=\"https:\/\/www.youtube.com\/@tuukkaliuha\" target=\"_blank\">Youtube-kanavaltani.<\/a> <br>K\u00e4y Sin\u00e4kin tykk\u00e4\u00e4m\u00e4ss\u00e4 ja klikkaa kanava seurantaan! <\/figcaption><\/figure>\n<\/div>","protected":false},"excerpt":{"rendered":"<p>Videoita Aikaisempia Esittelyvideoni 2021 kuntavaaleisssa. Tiivistettyn\u00e4 se mik\u00e4 minulle on t\u00e4rke\u00e4\u00e4 ja mit\u00e4 haluan edist\u00e4\u00e4 my\u00f6s tulevalla valtuustokaudella. Esittelyvideo 2017 kuntavaaleissa. T\u00e4ss\u00e4 kertomani mukaisesti olen pyrkinyt viimeiset nelj\u00e4 vuotta toimimaan. Mieli ei ole muuttunut matkalla ja olen edelleen sitoutunut turvallisiin palveluihin sek\u00e4 avoimuuteen ja olemaan tavoittettavissa.<\/p>\n","protected":false},"author":1,"featured_media":0,"parent":0,"menu_order":0,"comment_status":"closed","ping_status":"closed","template":"","meta":{"_coblocks_attr":"","_coblocks_dimensions":"","_coblocks_responsive_height":"","_coblocks_accordion_ie_support":"","hide_page_title":"enabled","footnotes":""},"class_list":["post-85","page","type-page","status-publish","hentry"],"_links":{"self":[{"href":"https:\/\/liuha.fi\/Tuukka\/wp-json\/wp\/v2\/pages\/85","targetHints":{"allow":["GET"]}}],"collection":[{"href":"https:\/\/liuha.fi\/Tuukka\/wp-json\/wp\/v2\/pages"}],"about":[{"href":"https:\/\/liuha.fi\/Tuukka\/wp-json\/wp\/v2\/types\/page"}],"author":[{"embeddable":true,"href":"https:\/\/liuha.fi\/Tuukka\/wp-json\/wp\/v2\/users\/1"}],"replies":[{"embeddable":true,"href":"https:\/\/liuha.fi\/Tuukka\/wp-json\/wp\/v2\/comments?post=85"}],"version-history":[{"count":28,"href":"https:\/\/liuha.fi\/Tuukka\/wp-json\/wp\/v2\/pages\/85\/revisions"}],"predecessor-version":[{"id":385,"href":"https:\/\/liuha.fi\/Tuukka\/wp-json\/wp\/v2\/pages\/85\/revisions\/385"}],"wp:attachment":[{"href":"https:\/\/liuha.fi\/Tuukka\/wp-json\/wp\/v2\/media?parent=85"}],"curies":[{"name":"wp","href":"https:\/\/api.w.org\/{rel}","templated":true}]}}